?
-19
Let h(q) = -q**2 - 7. Suppose -5*m + 4*g = -1 - 22, -11 = -m + 4*g. Suppose 6 = 4*o - 2*c, m*o - c = 2*c + 9. Determine h(o).
-7
Let t(n) = n**3 - n**2 - n - 2. Suppose 0 = -2*i + 2, -3*i + 5*i - 16 = f. Let g be 0/f*(1 - (-2)/(-4)). What is t(g)?
-2
Let s(w) = -10*w. Let n(q) = -q**3 + 5*q**2 + 7*q + 2. Let f be n(6). Suppose -2*r + f = 2*m, 2*m + 12 = 6*m. Calculate s(r).
-10
Let y(s) be the second derivative of s**3/3 + 2*s**2 + 5*s + 17. Give y(9).
22
Let q(c) = -5*c**3 + 5*c**2 - 4*c. Let v(u) = 21*u**3 - 22*u**2 + 17*u + 1. Let n(k) = 9*q(k) + 2*v(k). Calculate n(2).
-22
Let z be 2/((8*3)/(-4))*-9. Let n = -5 + 7. Suppose -j = -n*j + z. Let p(h) = h**3 - 3*h**2 - 3*h - 3. What is p(j)?
-12
Suppose -g = -1 - 37. Let x = -34 + g. Let q(h) = -h**3 + 4*h**2 + h + 1. What is q(x)?
5
Let q(u) = 3*u - 5. Let l(k) = 7*k - 11. Let w be (2/(-3))/((-8)/300). Suppose -4*y + 28 = c - 3*c, -5*c = -y + w. Let t(a) = c*l(a) + 9*q(a). Determine t(2).
-3
Let g(f) be the first derivative of -7*f - 3. Let q(k) = k - 15. Let l(o) = 7*g(o) - 3*q(o). What is l(-6)?
14
Let c = -9 - 3. Let i be ((-6)/c)/(1/6). Let n(w) be the second derivative of w**5/20 - w**4/6 - w**3/3 - 2*w**2 - w. Calculate n(i).
-1
Suppose -4*n = i - 3*i - 6, -n = 3*i + 2. Let q(m) = 4*m**3 - m**2 + m + 1. What is q(i)?
-5
Let i be (-3 + 1 + 1)*-7. Suppose 6*s - i*s = 0. Let l(u) be the third derivative of u**6/120 + u**4/24 - 5*u**3/3 - 2*u**2. Calculate l(s).
-10
Let j(z) = -9*z + 3. Let h(b) = 5*b - 1. Suppose t = 2 - 7. Let v(w) = t*h(w) - 2*j(w). Determine v(-2).
13
Let j be (-7)/2*252/(-147). Let d(l) = -4*l + 8. Determine d(j).
-16
Let s(q) = q**2 - 2*q + 8. Let x be 1 + (12 + -3)/(-3). Let n = x + -1. Let k(m) = -m. Let o(f) = n*k(f) + s(f). Calculate o(0).
8
Let g(r) be the first derivative of -5*r**2/2 + 31*r - 737. Determine g(6).
1
Let z(j) = -5*j + 15. Let c be z(-7). Suppose 30 = 5*u - c. Suppose -6*i + u = -2*i. Let o(g) = g - 1. What is o(i)?
3
Let y(c) be the third derivative of 0 - c**2 + 1/15*c**5 + 1/6*c**3 + 0*c - 1/8*c**4. Give y(2).
11
Let g be (-1)/2*(-1 + -5). Suppose -2*z = 5*o + 6, -5 = g*z + o + 4. Let c(t) = -7*t + 7*t - t + 1. What is c(z)?
4
Let d(x) = -x**2 + x + 1. Let w be (-1)/(4 - 84/20). Suppose w*c = -c + 12. Determine d(c).
-1
Let l = 15 + -10. Suppose l*x = 7*x - 8. Let y(b) = x + 3*b + 3 - 7. What is y(-2)?
-6
Let c(z) = -z**2 + 2*z - 1. Let g(y) = y**2 + 3*y + 3. Let b be g(-3). Let x be -5*(-2)/15*b. Suppose 4*q - x = -5*t, t + 2 = -3*t - 5*q. Give c(t).
-1
Suppose 2*h = 3*f + 15 - 5, 0 = 5*h + 2*f + 13. Let d(l) = -13*l - 2. Give d(h).
11
Let z(i) = 7 - i**2 + 5 - 5 + 9 + 2*i. Let a(p) = -4*p**2 + 9*p + 64. Let s(m) = 2*a(m) - 9*z(m). Determine s(0).
-16
Let y be 96/(-30) - -3 - 8/10. Let a(s) = -9*s + 1. Give a(y).
10
Suppose -9*b + 4*b = 10, -4*f + 120 = -4*b. Let m = f + -26. Let o(z) = -2*z**2. Give o(m).
-8
Let k = 650 - 649. Let z(o) = -3*o - 3. Determine z(k).
-6
Let c = 24 - 17. Let z(j) = -c*j - 18 + 32 - 18 + j**2. Calculate z(7).
-4
Suppose 0 = -3*i + 127 - 37. Suppose -16*t + 11*t = i. Let u(b) = -4*b - 3*b**2 + 2*b**2 - 3*b + 1. What is u(t)?
7
Let i(n) = -100*n + 29*n - 1 + 32*n + 37*n. Give i(-4).
7
Let f(w) = 14*w + 5. Let z(o) = 5*o - 1. Let i(b) = f(b) - 3*z(b). Give i(11).
-3
Let g(a) be the third derivative of 5/6*a**3 - 1/6*a**4 + 1/60*a**5 + 5*a**2 + 0*a + 0. Let u(z) be the first derivative of g(z). Determine u(-3).
-10
Suppose -z + 1 = 2*g + 4, -3*g - 15 = 5*z. Suppose 3*f + g*f + 18 = 5*v, -v = f - 2. Let a be 4 - -2*(f - 0). Let r(y) = y**3 - 3*y**2 + y - 1. Determine r(a).
-3
Let l(m) = 17*m - 8. Let t be l(4). Let a(n) = t*n**2 - 59*n**2 - 6*n + 0*n + 1. Calculate a(4).
-7
Let o(k) = 5*k + 53. Let j(d) = 21*d + 225. Let x(b) = 2*j(b) - 9*o(b). What is x(-12)?
9
Let u(y) = 1 + 0*y - 2*y + y. Let a(l) = 4*l - 3. Let k(n) = -a(n) - 5*u(n). Let t(v) = -v + 1. Let f be t(-2). Determine k(f).
1
Suppose 16*q = 17*q - 16*q. Let l(f) = f**3 + 3. Calculate l(q).
3
Let q(f) = -13*f + 22. Let w(l) = 7*l - 12. Let i(h) = 4*q(h) + 7*w(h). Calculate i(-4).
16
Let m be (2/4)/((-5)/(-10)). Let s(c) = -4*c**2 - 9*c**2 + 9*c**2. Determine s(m).
-4
Let l(q) = 4*q**2 - 3*q**2 - 2 - q - 4*q - 12*q + 10*q. Determine l(4).
-14
Let s(r) = 86 - r**2 - 29 - 21 - 18 - 25. Give s(-3).
-16
Let n(q) = -q**3 + 6*q**2 - 21*q + 62. Let p be n(4). Let d(k) = -k. Let w(c) = -14. Let l(z) = -d(z) + w(z). Determine l(p).
-4
Let v(f) = 11*f - 88. Let m(n) = 5*n - 40. Let d(h) = 13*m(h) - 6*v(h). Let x(t) = 4*t - 4. Let c be x(3). What is d(c)?
0
Let q(l) be the third derivative of -19*l**6/120 + l**5/60 + l**4/12 + l**3/3 + 102*l**2. Give q(-1).
20
Let t be (-2)/5 + (-832)/(-80). Let j(o) = 23*o - 14*o - 4 + 2 - t*o. Calculate j(5).
-7
Let c = 47 - 44. Let p(z) = -223*z + 2*z**2 - 1 + c - z**3 + 224*z - z**2. What is p(2)?
0
Let q(d) be the third derivative of -d**7/1260 - d**6/180 + d**5/120 - d**4/6 - 19*d**2. Let r(b) be the second derivative of q(b). What is r(-3)?
-5
Let a(w) = -w + 4. Suppose -4*c + 38 = 6. Let s be a(c). Let k(g) = g**2 + 4*g + 1. Calculate k(s).
1
Let l(y) be the third derivative of y**6/120 - y**5/15 - y**4/24 + 5*y**2 - 10*y. What is l(3)?
-12
Let n = -10 - -40. Let x(b) = -b**2 - 2 + 24*b - 4 - n*b. What is x(-6)?
-6
Let t(m) be the second derivative of m**3/2 + 6*m**2 - 4*m. Let h be t(-9). Let z be (-1)/(5/h) + 0. Let n(w) = w**3 - 3*w**2 - 2*w + 2. Give n(z).
-4
Let c(t) = 2*t - 13. Let z = -2095 - -2102. Calculate c(z).
1
Let a(z) = -4*z**2. Let l(p) = -9*p**2. Let x(h) = -4*a(h) + l(h). Let d(n) = -n - 4. Let k be d(-5). Let j be k/2 - 3/2. Calculate x(j).
7
Let r(k) = k**3 + 6*k**2 + 10*k + 4. Let f be r(-4). Let c(p) = p**3 + 5*p**2 - 2*p - 4. What is c(f)?
20
Let j(v) = 13 + 6 - 17 - v. Give j(-4).
6
Let u(w) = 3*w**2 + 4*w - 6*w**2 - 6 - w**3 - 2*w**2. Let l(b) = b**3 - 4*b**2 - 3*b + 3. Let c be l(3). Let t = c - -9. Give u(t).
6
Let v be 0 + -2*-3*5/60. Let c(o) be the first derivative of v*o**2 + 1/4*o**4 + 4/3*o**3 + 2 + 0*o. Calculate c(-3).
6
Let f(a) = -2*a - 22 - a**2 + 14 + 4 + 9. Suppose -2*v = -6*v - 32. Let d = v - -4. Give f(d).
-3
Let b(c) = -c - 1. Let m = -27 - -42. Suppose m = 44*p - 47*p. Give b(p).
4
Let j(u) = 22 - 12 - 3*u - 5. Let y(b) = -4*b + 6. Let v = 12 + -17. Let z(n) = v*y(n) + 6*j(n). Determine z(-3).
-6
Suppose 6 = 4*t + 14. Let w(d) = 2*d + 1. Let j(z) = -2*z - 1. Let c(p) = -6*j(p) - 7*w(p). Determine c(t).
3
Let a = 204 - 139. Let v be 39/a - (2 + 54/(-10)). Let w(l) = -4 + 0*l - 3*l + 1 + 2*l. Determine w(v).
-7
Let g(q) = q**3 - 4*q**2 + q + 3. Let m be g(3). Let p be 2/m*(-2 - 11*-1). Let b(k) = -2*k - 6. Determine b(p).
6
Let j be (6 + 2 - 5)/(7 - 6). Let x(z) be the second derivative of 0 - 4/3*z**j - z - 1/2*z**2. Give x(-1).
7
Let d(h) = 7*h - 14. Let p(c) = -16*c + 25. Let q(l) = -7*d(l) - 3*p(l). Calculate q(27).
-4
Let u(o) = 2*o**3 + 4*o**2 + 4*o + 1. Let t(f) = f**3 + 3*f**2 + 3*f. Suppose -2*q = 10*d - 6*d, 0 = d - 3*q + 14. Let x(m) = d*u(m) + 3*t(m). Give x(2).
-4
Let w(q) = 5*q**3 - 2*q**2 + q - 1. Let n(a) = 2*a**3 + 5. Let j(i) = i**3 + 2. Let l(o) = 5*j(o) - 2*n(o). Let x(d) = -4*l(d) + w(d). Calculate x(1).
-1
Suppose 2*o = -3*j - 3 + 4, 3 = -o - 5*j. Suppose 2*g = 14 + o. Let w(t) = 3*t - 18. Let n be w(g). Let l(h) = h**3 - 7*h**2 + 3*h + 8. Give l(n).
-10
Let n = -31 + 36. Let p(f) = 2*f - 5. What is p(n)?
5
Suppose -3*a = -2*j - 5*a + 12, 8 = j + 3*a. Suppose j*w = 17 + 18. Let n(y) = -y**2 + 6*y + 5. Calculate n(w).
-2
Let o be ((-1)/(-2))/((-3)/(-72)). Suppose o = -4*q + 36. Let d(h) = -h - 2. Give d(q).
-8
Let k(d) = -d**3 - d - 4. Let u(r) = r + 24. Let o be u(-17). Let y be 8/(-2) + (o - 3). Calculate k(y).
-4
Let q(r) = 2*r + 5. Suppose 0*m + 2*m - 10 = 0. Suppose m*t - 125 = d, 4*t - 93 = t - 3*d. Let b = 21 - t. What is q(b)?
-5
Let a(r) = -r**3 + 4*r**2 + 6*r + 4. Let v be a(5). Suppose -3 - v = 4*o. Let h(m) = -2*m - 4. What is h(o)?
2
Let i(j) be the second derivative of -j**5/60 - j**4/24 + 6*j**2 - 9*j. Let t(x) be the first derivative of i(x). Let g = 0 - 3. Calculate t(g).
-6
Let b(x) = 3*x**3 - x**2 + 2*x - 1. Let i(n) = -14*n**3 - 2*n**2 - 5*n + 13. Let y(p) = 5*b(p) + i(p). Determine y(6).
2
Let a(k) = -k - 7*k**2 - 21*k**3 + 5*k**3 - 